et r(p) = 2*p**2 - 1379*p + 8211. Determine r(6).
9
Let y(b) = b**2 - 1484*b - 215094. Determine y(-133).
-33
Let r(o) = -154*o**2 + 16803*o + 229. Calculate r(109).
2082
Let z(s) = -6*s**2 - 5292*s - 21079. What is z(-4)?
-7
Let a(b) = -149*b - 19987. What is a(-134)?
-21
Let x(h) = -12340*h + 234444. Give x(19).
-16
Let g(r) = r**3 + 64*r**2 + 65*r - 73. Determine g(-63).
-199
Let r(a) = -a**3 + 8084*a**2 + 16150*a - 39. Calculate r(-2).
5
Let c(u) = -104*u**2 + 4681*u - 38. What is c(45)?
7
Let v(k) = -16246*k - 1608392. Determine v(-99).
-38
Let h(x) = 2*x**3 - 88*x**2 + 762*x + 1297. Give h(31).
-67
Let s(z) = 2*z**3 + 54*z**2 - 326*z - 7968. Determine s(-28).
-408
Let g(r) = r**2 + 171*r + 6388. Determine g(-117).
70
Let x(b) = -7038*b - 22658. Calculate x(-4).
5494
Let r(i) = -4013*i - 292979. Give r(-73).
-30
Let x(l) = -l**2 + 1257*l + 477. Determine x(0).
477
Let i(v) = -6*v**2 + 155*v + 8637. Calculate i(53).
-2
Let c(b) = -37*b**2 + 27877*b - 150348. Give c(748).
0
Let y(x) = -2757*x - 1695525. What is y(-615)?
30
Let a(q) = 2*q**3 - 348*q**2 - 163678*q - 2956. Calculate a(-212).
12
Let f(b) = -5356*b - 128520. What is f(-24)?
24
Let o(r) = 6*r**2 + 1263*r - 7755. Calculate o(6).
39
Let a(g) = -g**3 - 428*g**2 + 28249*g - 3521. What is a(58)?
17
Let a(n) = -2*n**2 - 515*n - 29278. Give a(-173).
-41
Let h(f) = -451296*f - 4061664. What is h(-9)?
0
Let m(i) = -99361*i - 1589821. Determine m(-16).
-45
Let h(d) = -41*d**2 + 388*d - 544. Calculate h(5).
371
Let q(n) = -5*n**3 - 720*n**2 + 718*n - 706. Calculate q(-145).
309
Let t(b) = -3*b**2 - 143*b + 5282. Calculate t(-72).
26
Let t(w) = -955*w**2 - 6706*w + 59. Give t(-7).
206
Let j(m) = 4*m**3 - 5*m**2 - 36*m - 184. What is j(-4)?
-376
Let x(p) = p**3 + 197*p**2 + 885*p - 14548. Give x(-192).
-148
Let b(q) = -q**3 - 33*q**2 + 525*q - 52. Give b(-45).
623
Let f(q) = -q**3 - 17*q**2 + 124*q - 195. Determine f(2).
-23
Let s(z) = 3*z**3 + 14*z**2 - 85*z - 352. Determine s(-3).
-52
Let w(u) = -23*u**3 - 984*u**2 - 4175*u + 181. Calculate w(-38).
-9
Let t(a) = 2029*a**2 + 20590*a + 3006. Give t(-10).
6
Let u(k) = k**3 - 96*k**2 + 452*k + 317. What is u(91)?
44
Let q(g) = 109*g**2 + 27488*g + 32357. What is q(-251)?
-22
Let l(b) = -5*b**3 - 854*b**2 + 171*b - 59. Determine l(-171).
-59
Let w(a) = a**3 + 82*a**2 - 69*a - 5646. What is w(-82)?
12
Let m(y) = -4*y**3 - 52*y**2 - 193*y + 3. What is m(-8)?
267
Let r(c) = 176*c**2 - 49807*c - 288. What is r(283)?
-5
Let l(t) = -t**2 - 8648*t + 112628. What is l(13)?
35
Let o(d) = -29*d**3 + 144*d**2 - 1767*d + 8869. Determine o(5).
9
Let d(c) = c**2 + 2517*c + 187889. Give d(-77).
9
Let n(q) = 33*q**3 + 400*q**2 + 22*q - 351. Calculate n(-12).
-39
Let j(c) = c**2 - 595179*c - 1785533. Calculate j(-3).
13
Let g(j) = -j**2 + 930*j + 229982. What is g(-203)?
-17
Let q(u) = -118*u + 3025. Calculate q(9).
1963
Let w(k) = 160*k**3 + 84*k**2 + 195*k + 112. Calculate w(-1).
-159
Let y(x) = x**2 - 22742*x - 5678287. Give y(-247).
-4
Let i(c) = 2*c**3 + 8*c**2 - 2474*c - 9885. What is i(-4)?
11
Let d(k) = 716*k - 4952. Calculate d(7).
60
Let m(f) = f**3 - 35*f**2 + 11899*f - 714939. Calculate m(55).
6
Let y(g) = g**2 + 26*g - 163. Calculate y(-52).
1189
Let c(y) = 30232*y - 786113. Calculate c(26).
-81
Let b(w) = 354*w**3 + 3889*w**2 - 52*w + 25. Determine b(-11).
-8
Let l(a) = -10675*a**2 - 21345*a + 16. Determine l(-2).
6
Let n(d) = 104256*d - 6672390. Determine n(64).
-6
Let h(i) = 212*i - 1359. Determine h(16).
2033
Let d(v) = -1884*v - 433392. Determine d(-230).
-72
Let r(n) = -5*n**3 - 27*n**2 + 491*n + 2844. Calculate r(-6).
6
Let n(a) = 2284*a + 18251. Give n(-8).
-21
Let c(m) = -7*m**3 - 2*m**2 + 3543*m + 7082. Determine c(-2).
44
Let d(g) = -g**3 - 34*g**2 - 55*g + 26. Determine d(-33).
752
Let u(o) = -6*o**2 + 127*o + 10215. What is u(-32)?
7
Let z(b) = -b**3 - 9*b**2 - 29*b + 43. Determine z(-6).
109
Let j(c) = 6*c**3 - 182*c**2 - 521*c + 76. What is j(33)?
307
Let l(b) = -b**3 + 34*b**2 - 15*b - 17. Calculate l(-5).
1033
Let s(h) = -h**2 - 5961*h - 1394948. Calculate s(-244).
0
Let z(f) = 6783931*f + 40703596. Calculate z(-6).
10
Let b(y) = -31929*y + 95673. Give b(3).
-114
Let j(c) = -c**3 + 69*c**2 - 188*c - 177. Give j(66).
483
Let b(t) = 17470*t - 1677098. Determine b(96).
22
Let w(z) = 418*z - 7794. Determine w(19).
148
Let x(i) = 8302*i - 41498. Give x(5).
12
Let j(k) = 4*k**3 - 75*k**2 - 2029*k - 52. Determine j(-15).
8
Let w(h) = -h**3 + 11*h**2 - 237*h + 3398. Give w(13).
-21
Let f(d) = 10750*d + 397755. Determine f(-37).
5
Let t(p) = p**2 - 791*p - 200588. What is t(-202)?
-2
Let w(v) = 5726*v - 1231097. Determine w(215).
-7
Let o(p) = -2*p**2 - 1486*p - 113036. Give o(-86).
-32
Let z(m) = -m**2 + 45392*m + 590299. Calculate z(-13).
34
Let u(k) = 2400*k**2 - 50368*k + 31. Determine u(21).
703
Let r(b) = -238397*b - 4. Give r(0).
-4
Let z(f) = f**3 - 50*f**2 + 490*f - 155. Give z(37).
178
Let f(h) = -h**2 - 6681*h + 33446. Determine f(5).
16
Let p(i) = -i**2 + 579*i + 11309. What is p(-19)?
-53
Let k(l) = 344*l - 45032. Determine k(132).
376
Let i(g) = 3102*g + 34074. Give i(-11).
-48
Let t(f) = 6622*f - 589364. Give t(89).
-6
Let c(k) = -28*k**2 + 25095*k + 18834. What is c(897)?
-3
Let u(y) = -y**3 + 14*y**2 - 60*y + 781. Determine u(14).
-59
Let x(r) = 20*r**2 + 389*r + 4210. Calculate x(-11).
2351
Let m(c) = -12987*c + 13237. Calculate m(1).
250
Let a(h) = 2*h**3 - 1033*h**2 + 74053*h - 621. What is a(86)?
-19
Let v(c) = c**3 - 34*c**2 + 276*c + 198. Calculate v(16).
6
Let i(m) = m**3 - 114*m**2 - 26*m - 23483. Calculate i(116).
413
Let d(z) = -z**3 - 98*z**2 - 9*z + 8468. Calculate d(-97).
-68
Let o(m) = -6*m**2 + 28*m + 1273. What is o(-8)?
665
Let j(q) = -1568*q + 1973. Give j(2).
-1163
Let r(t) = -t**3 + 60*t**2 - 491*t + 15. Calculate r(10).
105
Let d(z) = z**3 + 11*z**2 + 73*z + 144. Give d(-6).
-114
Let b(l) = l**2 - 12507*l - 3137232. What is b(-246)?
6
Let x(g) = 39*g**2 + 16*g + 388. What is x(6)?
1888
Let n(s) = -s**3 + 34*s**2 - 148*s + 4145. Give n(32).
1457
Let b(d) = d**3 - 13*d**2 - 173*d + 641. What is b(20)?
-19
Let c(i) = i**3 - 95*i**2 + 1267*i + 730. Determine c(79).
967
Let h(s) = -1033*s**2 - 2848*s + 781. Determine h(-3).
28
Let y(k) = 28080*k + 85889. What is y(-3)?
1649
Let a(y) = y**3 + 79*y**2 - 6456*y + 498. Give a(50).
198
Let v(x) = 20*x**2 - 749*x - 348. Give v(38).
70
Let w(g) = 462*g + 430. What is w(-11)?
-4652
Let p(x) = -x**3 - 204*x**2 + 417*x + 1354. What is p(-206)?
324
Let o(a) = -20*a**2 + 9905*a - 22177. Calculate o(493).
8
Let t(a) = -a**3 - 14*a**2 + 129*a + 1435. Calculate t(-12).
-401
Let z(s) = -2*s**3 + 18154*s**2 - 2*s - 9. Determine z(0).
-9
Let l(n) = 41*n**2 - 6588*n - 72347. Determine l(171).
-14
Let j(a) = -79*a**2 - 10349*a + 200. Give j(-131).
200
Let c(q) = -2*q**3 - 3352*q + 3351. Determine c(1).
-3
Let v(i) = 88*i**2 + 233*i - 10. What is v(-4)?
466
Let y(b) = -34319*b - 480468. Calculate y(-14).
-2
Let i(r) = -13*r**2 + 162*r - 113. Determine i(12).
-41
Let t(b) = b**3 - 11*b**2 + 361*b - 3084. What is t(9)?
3
Let n(i) = 61*i**3 - 18*i**2 + 1860*i - 1860. Determine n(1).
43
Let p(a) = 4*a**3 - 13*a**2 - 57*a + 632. Calculate p(7).
968
Let f(d) = -71502*d - 571960. What is f(-8)?
56
Let l(o) = -51*o - 220. What is l(-5)?
35
Let t(f) = -118*f**2 + 3311*f - 198. Give t(28).
-2
Let d(i) = -3*i**3 - 50*i**2 + 191*i + 171. Calculate d(-23).
5829
Let s(a) = a**2 - 65*a - 1584. Calculate s(-18).
-90
Let f(n) = -n**3 - 27*n**2 - 98*n + 706. Calculate f(-10).
-14
Let t(b) = 7*b**3 - 2438*b**2 + 688*b + 2757. Calculate t(348).
-27
Let t(j) = -j**3 + 13*j**2 + 182*j - 22. Determine t(20).
818
Let k(n) = -3*n**3 + 97*n**2 + 649*n - 285. What is k(38)?
-171
Let v(p) = 2*p**3 - p**2 - 17769*p - 279. Give v(-94).
3
Let y(u) = -61*u**2 - 23248*u - 2231. Calculate y(-381).
436
Let c(q) = -8*q**3 - 276*q**2 - 879*q - 343. Calculate c(-31).
-2
Let h(k) = 10*k**3 - 10*k**2 + 918*k - 916. Calculate h(1).
2
Let f(o) = o**3 - 260*o**2 + 5036*o - 4044. Calculate f(239).
19
Let h(o) = -2*o**2 + 3741*o + 60365. Give h(-16).
-3
Let u(t) = t**2 - 3210*t + 170422. Calculate u(54).
-2
Let o(h) = 60*h**2 - 169*h + 484. What is o(3)?
517
Let r(h) = -162131*h + 4053268. Calculate r(25).
-7
Let k(d) 